 Give b(s).
1
Let r(y) be the first derivative of y**6/120 + 2*y**5/15 + y**4/24 + y**3/6 + 6*y**2 + 5. Let k(d) be the second derivative of r(d). Determine k(-8).
-7
Let n(x) = 326*x**2 - 643*x**2 + 326*x**2 - x. Calculate n(1).
8
Let w(k) = k**3 - 6*k**2 + 5*k. Let i be (-3)/(-1)*-166*3/18. Let j = 88 + i. Calculate w(j).
0
Let s(h) = -12 + 12*h + 12. Suppose 13*u - 21 = -8. Determine s(u).
12
Suppose -4*q = -37 - 15. Suppose 3*l - 10 = -2*l. Let z(v) = -7*v - v**2 + 7 + q*v + l*v**2. Calculate z(-5).
2
Let s(q) = 3*q**2 - 5*q**2 + 1 + 0*q**3 - 6*q**3. Let t = -44 + 45. Calculate s(t).
-7
Let l = -43 - -43. Let p(f) = f**3 + f**2 + f - 2. Calculate p(l).
-2
Let r(a) = 2*a**3 + 3*a**2 + a - 2. Let l(o) = o + 8. Suppose 0*z = -3*z - 36. Let f be l(z). Let k be (6/(-4))/((-3)/f). Calculate r(k).
-8
Let f(h) be the first derivative of -h**3/3 - 3*h**2 + 221. Suppose 5*i + 25 = 0, j + 5*i + 12 = 3*i. Let v be j/((-2)/(-3))*2. Determine f(v).
0
Let x be (-10)/7 + ((-6)/14)/(-1). Let p(s) = -s. Determine p(x).
1
Suppose j = -5*j. Suppose 2*y - 5*y + 3 = j. Let a(z) = 13*z**2 + 2*z - 1. What is a(y)?
14
Let a(y) = 5*y + 50. Let n(f) = 3*f + 25. Let p(s) = 6*a(s) - 11*n(s). Calculate p(9).
-2
Let s be (-9)/3*(-4 - -3)*4. Let a(v) = -v**2 + 15*v - 39. What is a(s)?
-3
Let b(w) = -w**3 + w**2 + 13. Suppose 34*r - 39*r = 0. Give b(r).
13
Let i(j) = -2*j**2 + 1 + 2*j + 3*j**2 + 4*j. Suppose 5*l - 30 = -5*q, 0*q + q = -5*l + 26. Suppose l*p - 25 = 10*p. Give i(p).
-4
Let f(z) = -2*z - 7*z**3 + 1 + 2*z**2 - 4*z**2 + z**2 - 2. Suppose 0 = -2*t - 3 - 5. Let m be 27/(-21) - t/14. What is f(m)?
7
Let x(z) = 2*z**2 + 15*z - 14. Let p(w) = -w**2 - 8*w + 7. Let k(s) = -11*p(s) - 6*x(s). Suppose 0 = -3*b, 11*b - 13*b = -v - 5. What is k(v)?
-8
Let p(n) be the second derivative of 1/2*n**2 - 1/3*n**3 + 0 + n. Suppose 5*k - 1 = 2*g + 11, 4*g + 12 = 4*k. Determine p(g).
3
Suppose 2*v = -3*m + 2 + 14, -5*m + 5*v = 15. Let z(w) = w - 8*w**3 + 2*w**3 - m*w**2 - 2*w**3. Let b be -1 + (0 - 6/(-3)). What is z(b)?
-9
Let a(b) = -b**3 + 7*b**2 + 8*b - 11. Let i be -5 - (-17 - -3)/2. Let v(g) = -3*g + 14. Let d be v(i). Give a(d).
-11
Let h(d) = -d + 13. Let u be h(6). Let p(l) = 2*l + 1. Let k(b) = -12*b + 4. Let c(t) = -k(t) - 5*p(t). Calculate c(u).
5
Suppose 16 = 5*o - 28*b + 22*b, 0 = -2*o - 4*b. Let t(x) = 3*x + 2*x - 3*x. Calculate t(o).
4
Let w(o) = -o**2 - 2*o - 5. Suppose 5*z - 2 = -2*u + 8, -3*u = -4*z + 8. Suppose 2*q + 3*v + 8 = u, 4*v = v. Give w(q).
-13
Let m(o) be the first derivative of o**4/12 - o**2/2 - o + 1. Let d(w) be the first derivative of m(w). Suppose 0 = 3*g - 7*g. Calculate d(g).
-1
Let a(j) = 3*j + 5. Let c(s) = -3*s**2 + 4*s - 3. Let g be c(1). Let x(u) = -3*u - 5. Let k(d) = g*x(d) - 3*a(d). Give k(-4).
7
Let y(a) = -a**3 + 3*a + 2. Suppose 0 = 7*v - 2*v + 10. Calculate y(v).
4
Let m(x) = -x**3 - 6*x**2 + 7*x + 7. Let d be m(-7). Let c(q) = -5*q - 3 - 6*q**3 + d*q**3 - 5 + q**2 + 4. Let r = -5 + 2. Give c(r).
-7
Let x(j) be the third derivative of -j**9/60480 + j**8/5040 + j**7/1260 - j**6/360 + j**5/6 + 11*j**2. Let z(v) be the third derivative of x(v). What is z(5)?
-7
Let t(q) = -q - 6. Let z be ((-23)/(-5) - 5)/(1/(-5)). Suppose 5*j + 31 = -z*p, 3 = -3*p + 2*j - 15. Determine t(p).
2
Suppose -10*a = -24*a - 154. Let g(y) = y + 8. What is g(a)?
-3
Let x = -4 - -11. Let l(q) = -q**2 + 8*q. Give l(x).
7
Let c(k) = -k**2 + 3*k - 1. Let n(a) = -a**3 + 4*a**2 + 12*a + 2. Let o be n(5). Suppose 7*t - o = -2. Calculate c(t).
-11
Suppose -396*v = -402*v - 114. Let q(r) = -r - 31. What is q(v)?
-12
Let x(v) = -v + 9. Let z = -460 + 455. Determine x(z).
14
Suppose -8*u - 2 = -9*u. Let g(l) = -l**2 + 4*l - 1. Let s be g(2). Let n(w) = -s*w**2 + 2 + 2*w**2 + 0*w + 0*w**u + 6*w. Determine n(5).
7
Suppose 2*v + 10 = -3*v, -20 = 2*p + 5*v. Let g be 2 - (-1)/(p/20). Let l(i) = 4*i**2 + i - 2. Calculate l(g).
12
Let s(k) be the third derivative of -7*k**4/24 + 2*k**3/3 - 206*k**2. Calculate s(4).
-24
Let v(f) = 38*f**2 + 1. Let q(c) = c**3 - 9*c**2 + 6*c + 15. Let y be q(8). Give v(y).
39
Let n(f) = 13. Let v(m) = -7*m + 9. Let z(g) = 2*n(g) - v(g). Calculate z(-8).
-39
Let k(f) be the second derivative of 1/2*f**3 + 1/2*f**2 + 0 - 2*f. Determine k(-2).
-5
Let d(n) = n. Let u(s) = 4*s + 1. Let q(r) = -6*d(r) + u(r). Calculate q(3).
-5
Let i = -26 - -28. Let o(a) = -2 + a**3 - 1 - 4*a + 1 - 5*a**i. What is o(6)?
10
Let w = -5 - -6. Let n(j) = 3 + 0*j + 2*j - w - 3. Suppose -3 = d - 5. What is n(d)?
3
Let u(q) be the second derivative of q**4/4 - q**3 - q**2 - 25*q. Let p(x) = -4*x**2 + 6*x + 3. Let a(z) = 2*p(z) + 3*u(z). Calculate a(6).
0
Let k(q) = -2*q**3 - q**2. Let s be 1/(6 + -4)*-2. Let x(c) = 11*c**2 + 1. Let b be x(s). Let l = -13 + b. Calculate k(l).
1
Suppose 4*c - 134 = -2*u, -3*c = 3*u - 0*c - 195. Suppose 0 = -10*i - u + 23. Let f(d) = d**2 + 5*d. Give f(i).
-4
Let d(b) be the second derivative of -b**4/6 + 23*b**3/3 + 23*b**2 - 84*b - 3. Determine d(24).
-2
Suppose -5*d = -4*d. Let c(u) = -3*u + 8*u + d*u - u. Determine c(1).
4
Let y = 836 + -833. Let i(c) = c**3 - 2*c**2 - 6*c + 7. What is i(y)?
-2
Let i(g) = -370*g + 3*g**2 + 4 + 383*g - 4*g**2. Calculate i(13).
4
Let m(q) = 4*q + 3. Let a(y) = -3*y + 1 + 2*y - y**2 + y + 2*y. Suppose 5*z - 9*z - 4 = 0. Let j be a(z). What is m(j)?
-5
Let a(p) = -p**2 + p - 7. Let b(y) = -y**2 - 7 + 0*y**2 + y + 1. Let m(k) = 5*a(k) - 6*b(k). Suppose 7 = w - 2*t - 4, -4*t = -w + 19. What is m(w)?
7
Suppose 0 = -2*u + 4 - 10, 4*u = -5*k + 118. Suppose 4*p - 5*o + 11 = -k, p + o = 2. Let t(g) = -g**2 + 3*g + 2. Give t(p).
-16
Let c(w) be the third derivative of -14*w**2 - 1/60*w**5 - 1/6*w**3 - 1/3*w**4 + 0*w + 0. What is c(-8)?
-1
Let n(h) be the first derivative of 7*h**4/4 - 7*h**3/3 + 5*h**2/2 + 21*h + 16. Let b(i) = -3*i**3 + 4*i**2 - 2*i - 10. Let k(a) = -5*b(a) - 2*n(a). Give k(6).
8
Let z(w) = 15*w + 9. Let d be z(-5). Let h = 73 + d. Let n(r) = -r - 8. Give n(h).
-15
Let x(r) be the first derivative of r**3/3 - r**2/2 - 2*r - 57. Determine x(-2).
4
Let f(h) = h**3 + 2*h - 3*h + 150*h**2 - 3 + 2 - 138*h**2. What is f(-12)?
11
Let q(p) = p**2 - p - 9. Let t be q(-3). Let o(h) = 2*h**3 - 8*h**2 + 7*h + 2. Let l(n) = -3*n**3 + 9*n**2 - 7*n - 1. Let g(u) = t*l(u) + 4*o(u). What is g(-6)?
-1
Let i(n) be the second derivative of -1/2*n**2 + 7/6*n**3 + 1/20*n**5 + 0 + 3/4*n**4 + 4*n. Let y be i(-8). Let v(b) = -b + 10. What is v(y)?
3
Let x be 6/4*(-40)/(-12). Let l(h) = -3 - 7*h + 31*h**2 - 29*h**2 + 5. Give l(x).
17
Let r(j) = j + 4. Let w = -97 - -98. Suppose -o = -2*c - w, -5*o - 9 = 16. Determine r(c).
1
Let v(s) be the second derivative of 0 - 1/60*s**5 + 0*s**4 - 5*s + 5/6*s**3 + 0*s**2. Let w(i) be the second derivative of v(i). Give w(2).
-4
Let f = -742 + 746. Let l(w) = w**3 - 6*w**2 + w - 5. Let z(u) = -u**3 + 5*u**2 + 5. Let j(x) = 2*l(x) + 3*z(x). Calculate j(f).
-3
Let t(k) = 6 - 2*k + 3*k - 14*k**2 - 6. Let x(f) = f**2 - 4. Let g be x(-2). Suppose -3*p - 3*j - 15 = g, 3*p + j + 0 + 7 = 0. What is t(p)?
-15
Let d(a) = -a**3 - a**2 - a + 4. Let o(q) = q**2 - 4*q - 32. Let p be o(-4). Determine d(p).
4
Let l(g) = 6*g**3 + 20*g - 18*g**3 + 10*g**3 + 1 - 16*g - 2*g**2 + 3. Calculate l(-2).
4
Let g = -21 - -13. Let k(v) = 26*v - 6. Let w(t) = -174*t + 38. Let i(u) = 20*k(u) + 3*w(u). What is i(g)?
10
Suppose -7*p + 45 = 10. Suppose p*a = -2*a. Let k(n) be the third derivative of -n**5/60 - n**4/24 + n**3/2 - n**2. Determine k(a).
3
Let f = 639 + -638. Let r(u) be the first derivative of 8*u**2 - u + 1. Determine r(f).
15
Let p(k) = k**3 + 6*k**2 + 5*k + 3. Let z be (2/4)/(4/608). Suppose 9*s = 5*s - z. Let u = s - -16. Calculate p(u).
15
Let s(g) be the first derivative of -g**7/840 + g**6/45 - 7*g**5/120 + 5*g**4/24 - g**3/3 - 10. Let z(u) be the third derivative of s(u). Determine z(7).
5
Let i = -3 + 8. Let g(v) = 1. Let f(w) = 3*w + 5. Let p(s) = f(s) - 6*g(s). Let m(y) = -5*y + 2. Let q(a) = i*m(a) + 8*p(a). What is q(-5)?
7
Let o(f) = -f**3 + 2*f**2 - f + 4. Let j be o(0). Let b be -2 + j + (4 - 3). Suppose 0 = -b*c + 4*c. Let a(v) = -v - 5. Calculate a(c).
-5
Let a(g) = g + 20. Suppose r + 6 = -2*y, y - 12 = -0*r + 2*r. Calculate a(r).
14
Let t be -13 - 5/(15/(-9)). Let f = 12 + t. Suppos